{"id":372,"date":"2025-11-24T18:47:38","date_gmt":"2025-11-24T18:47:38","guid":{"rendered":"http:\/\/bdljmts.cluster100.hosting.ovh.net\/?page_id=372"},"modified":"2025-12-01T19:03:34","modified_gmt":"2025-12-01T19:03:34","slug":"cartes-cadeaux","status":"publish","type":"page","link":"https:\/\/www.sandraprioletshiatsu.fr\/index.php\/cartes-cadeaux\/","title":{"rendered":"Cartes Cadeaux"},"content":{"rendered":"<div class=\"wp-block-image\">\n<figure class=\"aligncenter size-full is-resized\"><img loading=\"lazy\" decoding=\"async\" width=\"940\" height=\"788\" src=\"http:\/\/bdljmts.cluster100.hosting.ovh.net\/wp-content\/uploads\/2025\/11\/Bon-cadeau.png\" alt=\"\" class=\"wp-image-392\" style=\"width:668px;height:auto\" srcset=\"https:\/\/www.sandraprioletshiatsu.fr\/wp-content\/uploads\/2025\/11\/Bon-cadeau.png 940w, https:\/\/www.sandraprioletshiatsu.fr\/wp-content\/uploads\/2025\/11\/Bon-cadeau-300x251.png 300w, https:\/\/www.sandraprioletshiatsu.fr\/wp-content\/uploads\/2025\/11\/Bon-cadeau-768x644.png 768w\" sizes=\"auto, (max-width: 940px) 100vw, 940px\" \/><\/figure>\n<\/div>\n\n\n<p><\/p>\n\n\n\n<h3 class=\"wp-block-heading\">Offrez un Moment de Bien-\u00catre <\/h3>\n\n\n\n<p>Envie d\u2019offrir une parenth\u00e8se de d\u00e9tente, un moment pour souffler ou simplement un cadeau qui a du sens ?<br>Les <strong>cartes cadeaux<\/strong>, une attention unique pour prendre soin de ceux que vous aimez.<\/p>\n\n\n\n<h3 class=\"wp-block-heading\">Une exp\u00e9rience ressour\u00e7ante<\/h3>\n\n\n\n<p>Chaque s\u00e9ance de shiatsu est un v\u00e9ritable temps pour soi :<\/p>\n\n\n\n<ul class=\"wp-block-list\">\n<li>rel\u00e2cher les tensions,<\/li>\n\n\n\n<li>apaiser le stress,<\/li>\n\n\n\n<li>retrouver \u00e9nergie et \u00e9quilibre int\u00e9rieur.<\/li>\n<\/ul>\n\n\n\n<p>Offrir une carte cadeau, c\u2019est offrir un instant o\u00f9 la personne pourra se reconnecter \u00e0 son corps, \u00e0 sa respiration, \u00e0 son bien-\u00eatre.<\/p>\n\n\n\n<h3 class=\"wp-block-heading\">Une carte cadeau simple et personnalis\u00e9e<\/h3>\n\n\n\n<ul class=\"wp-block-list\">\n<li>Disponible pour une ou plusieurs s\u00e9ances<\/li>\n\n\n\n<li>Valable plusieurs mois<\/li>\n\n\n\n<li>Pr\u00e9sent\u00e9e avec soin, pr\u00eate \u00e0 offrir<\/li>\n\n\n\n<li>Possibilit\u00e9 d\u2019ajouter un message personnalis\u00e9<\/li>\n<\/ul>\n\n\n\n<h3 class=\"wp-block-heading\">Pour toutes les occasions<\/h3>\n\n\n\n<p>Anniversaire, f\u00eate, No\u00ebl, remerciement ou simple envie de faire plaisir\u2026<br>La carte cadeau shiatsu est un pr\u00e9sent attentionn\u00e9, doux et bienvenu \u00e0 tout moment de l\u2019ann\u00e9e.<\/p>\n\n\n\n<h3 class=\"wp-block-heading\">Comment l\u2019obtenir ?<\/h3>\n\n\n\n<p>Il vous suffit de <a href=\"http:\/\/bdljmts.cluster100.hosting.ovh.net\/index.php\/contact\/\" data-type=\"page\" data-id=\"86\"><strong>me contacter<\/strong><\/a> pour choisir la formule souhait\u00e9e et recevoir votre carte cadeau.<\/p>\n","protected":false},"excerpt":{"rendered":"<p>Offrez un Moment de Bien-\u00catre Envie d\u2019offrir une parenth\u00e8se de d\u00e9tente, un moment pour souffler ou simplement un cadeau qui a du sens ?Les cartes cadeaux, une attention unique pour &hellip; <\/p>\n","protected":false},"author":1,"featured_media":0,"parent":0,"menu_order":0,"comment_status":"closed","ping_status":"closed","template":"","meta":{"_uag_custom_page_level_css":"","iawp_total_views":11,"footnotes":""},"class_list":["post-372","page","type-page","status-publish","hentry"],"uagb_featured_image_src":{"full":false,"thumbnail":false,"medium":false,"medium_large":false,"large":false,"1536x1536":false,"2048x2048":false,"blossom-spa-single":false,"blossom-spa-service":false,"blossom-spa-team":false,"blossom-spa-pagination":false,"blossom-spa-blog-list":false,"blossom-spa-blog-classic":false,"blossom-spa-blog-classic-full":false,"blossom-spa-related":false},"uagb_author_info":{"display_name":"admin2503","author_link":"https:\/\/www.sandraprioletshiatsu.fr\/index.php\/author\/admin2503\/"},"uagb_comment_info":0,"uagb_excerpt":"Offrez un Moment de Bien-\u00catre Envie d\u2019offrir une parenth\u00e8se de d\u00e9tente, un moment pour souffler ou simplement un cadeau qui a du sens ?Les cartes cadeaux, une attention unique pour &hellip;","_links":{"self":[{"href":"https:\/\/www.sandraprioletshiatsu.fr\/index.php\/wp-json\/wp\/v2\/pages\/372","targetHints":{"allow":["GET"]}}],"collection":[{"href":"https:\/\/www.sandraprioletshiatsu.fr\/index.php\/wp-json\/wp\/v2\/pages"}],"about":[{"href":"https:\/\/www.sandraprioletshiatsu.fr\/index.php\/wp-json\/wp\/v2\/types\/page"}],"author":[{"embeddable":true,"href":"https:\/\/www.sandraprioletshiatsu.fr\/index.php\/wp-json\/wp\/v2\/users\/1"}],"replies":[{"embeddable":true,"href":"https:\/\/www.sandraprioletshiatsu.fr\/index.php\/wp-json\/wp\/v2\/comments?post=372"}],"version-history":[{"count":6,"href":"https:\/\/www.sandraprioletshiatsu.fr\/index.php\/wp-json\/wp\/v2\/pages\/372\/revisions"}],"predecessor-version":[{"id":424,"href":"https:\/\/www.sandraprioletshiatsu.fr\/index.php\/wp-json\/wp\/v2\/pages\/372\/revisions\/424"}],"wp:attachment":[{"href":"https:\/\/www.sandraprioletshiatsu.fr\/index.php\/wp-json\/wp\/v2\/media?parent=372"}],"curies":[{"name":"wp","href":"https:\/\/api.w.org\/{rel}","templated":true}]}}